e
Suppose -3*g = -4*d + 4668, -4*d - 2*g = d - 5835. Is (4*d/6)/2 composite?
False
Is 62 - ((-4)/(-4) + -1) a composite number?
True
Let m = 5 + 28. Is m prime?
False
Let z(u) = -u**2 + 7*u + 5. Let n = 15 + -9. Is z(n) prime?
True
Suppose -2*w - 3*o + 8056 = 2*w, -2*w - 3*o = -4022. Is w composite?
False
Suppose 2*t = -0*t - 2*h + 6, -1 = -2*t + 3*h. Suppose -580 = -5*l - 5*x, t*l + x = -2*x + 233. Is l a composite number?
True
Let j = 692 + 9. Is j composite?
False
Let a = 6 + -4. Let t(v) = -4*v - 3*v**a + 7*v + 2 + 9*v**2. Is t(-3) a prime number?
True
Suppose 4*o + 5*r - 8 = 83, 4*r = -3*o + 69. Is o composite?
False
Suppose 3*r = -3*k + 24, -r + 5*r - 41 = 5*k. Suppose -3 = s - r. Suppose -3*z - x + 129 = 0, 2*z - x = s*z - 172. Is z a composite number?
False
Let z(h) = h**3 + 7*h**2 - 2*h - 8. Let j = 3 - 0. Suppose 5*d = j*f + 2*d + 9, -4*f - 4*d = 44. Is z(f) prime?
False
Let l(p) be the second derivative of 19*p**5/60 + p**4/24 + p**3/6 + p. Let c(q) be the second derivative of l(q). Is c(2) composite?
True
Suppose 3*a = -2*a + 255. Is a prime?
False
Suppose 5*l - 1687 = -5*w + 3913, 0 = -w - 2*l + 1125. Is w prime?
False
Let n(c) = -6*c + 5. Let r be (9 + 1)/(2/4). Suppose 6*k = 2*k - r. Is n(k) a composite number?
True
Suppose -4*b + 0*b = -12108. Is b a prime number?
False
Let z(l) = -25*l - 19. Is z(-14) composite?
False
Let s(i) = i + 159. Is s(0) a prime number?
False
Suppose 2892 = d - 7*g + 9*g, g - 5799 = -2*d. Is d a prime number?
False
Let n = -620 - -1119. Is n composite?
False
Suppose 3*l = 5*j + 713, 3*j - 3*l + 476 - 47 = 0. Let a = -89 - j. Is a composite?
False
Suppose 115 + 9974 = 9*w. Is w composite?
True
Suppose 5*n - 4*y = -28, 2*n - 3*y + y + 12 = 0. Let l = n - -55. Suppose 3*h - 156 = -l. Is h a prime number?
False
Let v(r) = -r**2 + 5*r + 6. Let z be v(6). Let y(l) = l + 33. Is y(z) a composite number?
True
Is 157/3*(-5 - (-2 + -12)) a composite number?
True
Let t(b) = 2 - 9 - 2*b**2 + b**2 + 25*b. Is t(13) a prime number?
True
Let y = 1441 + -962. Is y prime?
True
Suppose -7*f + 50 = -2*f. Suppose 2*h + 5*o - f = 0, -4 = -2*h + 4*o + 6. Suppose 5*n + h = 40. Is n prime?
True
Let w = -1 + -1. Is (-6 - 1)/(w/10) prime?
False
Let g(i) = i**2 - 9*i - 5. Let j = -2 + 5. Suppose 2*a = 2*u - 24, 0 = 4*u - j*a - 2*a - 48. Is g(u) composite?
False
Let q = -2518 - -4221. Is q composite?
True
Let f be 175/55 + 4/(-22). Let o(p) = 5*p**2 + 1 + p**2 + 9*p - 4*p**2 - f*p**2. Is o(6) a composite number?
False
Suppose -5*v = -5*b - 1120, -3*b + 141 = v - 71. Is v prime?
False
Suppose 2*i = 371 + 775. Is (-1)/((-3)/i*1) a prime number?
True
Let d(g) = 2*g - 7. Let h be d(5). Suppose h*x + 12 = 0, -c + 4*c + 4*x = 377. Is c composite?
False
Let b(o) = 8*o**2 + 3*o + 6. Is b(-5) prime?
True
Let t = -230 + 129. Let k = t + 178. Is k composite?
True
Let u = -9 - -11. Suppose 0*m - u*m + 110 = 0. Is m a prime number?
False
Suppose -u - a + 302 = 0, -2*u + 594 = -2*a + 6. Is u a composite number?
True
Suppose 0 = 4*q + h - 11, 2*q = 2*h - 0 - 2. Suppose 119 = -4*f - c, -q*c + 5*c = 3. Let y = 25 - f. Is y prime?
False
Suppose d = -3*d + 1212. Is d a prime number?
False
Suppose -5*s + 3*z - 1 = 5, 3*z + 15 = -2*s. Is ((-298)/s)/((-2)/(-3)) prime?
True
Let m(h) = -7 + 1 - 2 + 6*h. Let r(b) = -b**3 - 5*b**2 - 7*b - 5. Let j be r(-4). Is m(j) prime?
False
Suppose -4*f + 3 = -3*f. Suppose -v = -3 - f. Is v a prime number?
False
Suppose 5*y - 28 = -d + 807, 2*d = -4*y + 668. Suppose -i + y = -212. Is i prime?
True
Suppose 225 = 7*b - 6*b. Suppose -b = -k + z - 3*z, 0 = 3*k - 5*z - 664. Is k a prime number?
True
Let i(z) = 1 + 3 + 4*z - 9*z**2 - 3 + 48*z**2. Let g be i(-3). Suppose 0 = 2*m - 3*s - 277 + 54, 3*m = -s + g. Is m a prime number?
True
Let n(j) = j + 270. Let c be n(0). Suppose -88 = z - 2*z + 3*i, 3*i + c = 3*z. Is z prime?
False
Let s(x) = -4*x**2 + 1 - 3 + x + 0 + 3*x**3. Let q(f) = -f**2 - 9*f + 13. Let v be q(-10). Is s(v) a prime number?
False
Let a(x) = 15*x**2. Let z be 3*((-24)/(-9) + -3). Is a(z) a prime number?
False
Let p = -211 + 590. Is p a composite number?
False
Suppose 2*q + 106 = 2*u - q, 4*u = q + 212. Is u prime?
True
Let y = 1032 + -605. Is y a composite number?
True
Let a = 132 + -61. Is a a prime number?
True
Let d be (-11 - -3) + 2*-1. Let j = 3 - d. Is j a composite number?
False
Suppose -1973 = -h + 3*k, h - 2*k = -6*k + 1973. Is h a prime number?
True
Let n = -33 - -70. Let w = -23 - -37. Let s = n - w. Is s a composite number?
False
Suppose d - 1 - 4 = 0. Suppose -d*q - 3*o + 4 + 6 = 0, -5*o = -25. Is 3/(q + -2) - -116 a prime number?
False
Let t be 57 - 3 - (-1 - 3). Let r = 125 + t. Is r a prime number?
False
Suppose 0 = -8*a + 6*a + 42. Is (-6)/a + 3915/7 composite?
True
Let c(y) = -y**3 - 6*y**2 + y - 3. Let r be c(-7). Let p = r + -20. Is p a prime number?
True
Let w(j) = 3*j + 5. Suppose -u = -d - 9, -d - 27 = -5*u - 2*d. Is w(u) composite?
False
Let t = 4 - 5. Let b(c) = 13*c**3 - 3*c + 2. Let l(j) = j**3 - j + 1. Let m(p) = t*b(p) + 2*l(p). Is m(-1) a prime number?
False
Let c(m) = 33*m + 1. Let n be c(9). Suppose 4*w + n = 5*g, -w = 4*g + 4*w - 222. Is g prime?
False
Let o(v) = 7*v + 1. Let a be o(-1). Let w = a + 8. Suppose -w*t = 2*y - 126, 0*t + 2*t - 146 = 3*y. Is t a composite number?
False
Is ((-10)/40)/(1/(-452)) a prime number?
True
Let q be (12/(-18))/((-2)/141). Suppose -2*x - 3*r - 43 = 0, -q = x - 3*r - 3. Let o = 48 + x. Is o composite?
False
Suppose -n + 2*n - 256 = 0. Suppose -2*c - 2*c + 5*g = -n, -5*g + 20 = 0. Is c composite?
True
Let q be (-3)/2 - (-19)/2. Suppose -9*c = -q*c - 161. Let a = -76 + c. Is a composite?
True
Is (-6 - -5)*(-863 + 0) a prime number?
True
Suppose 0 = v - 2*d - 911, 0 = -2*v - d + 2355 - 513. Is v prime?
True
Suppose -5*o + 15 = -0*o. Is 116/o - (-1)/3 a composite number?
True
Suppose 0 = 4*j - 120 - 764. Let b = 348 - j. Is b a composite number?
False
Let w = 851 + -460. Is w composite?
True
Suppose -4*o = -0*o + 3*b - 2, -3*b = 2*o - 4. Let d(y) = -2*y**2. Let f be d(o). Is f*((-14)/2 + 2) a prime number?
False
Suppose 5*g = 639 + 606. Is g a prime number?
False
Suppose 2*z - 5*i - 1618 = 0, z = -3*i + 938 - 129. Is z prime?
True
Suppose 0*l = -3*i + 3*l + 12, -2*i - 4*l + 14 = 0. Suppose 0 = i*q - 524 - 181. Is q composite?
True
Is -2*((-51032)/208 - (-4)/(-26)) composite?
False
Suppose -48 + 148 = 5*c. Suppose -3 + 1 = 2*u. Let i = c + u. Is i a composite number?
False
Let o(s) = 8*s**2 - 9*s + 3. Is o(-8) composite?
False
Suppose -6*p - 5*t = -p - 310, -5*p - 3*t + 316 = 0. Is p a prime number?
False
Suppose 5*a = 5*i - 75, 0 = -3*i - 2*i. Let b = a + 33. Let p = b - -40. Is p prime?
False
Let s = 6 - 6. Suppose -3*r - 2*r + 655 = s. Is r a composite number?
False
Let k(b) = 7*b**2 + 8*b - 8. Let n(c) = -2*c**2 - 6*c - 1. Let h be n(-4). Is k(h) a prime number?
True
Suppose -5*i = -i - 2364. Is i a prime number?
False
Let r(q) = -3 + 7*q - q**3 - 3*q**2 - 2*q - 3*q + 0*q**2. Is r(-5) composite?
False
Let a(j) = -j**3 + 6*j**2 + j - 5. Let i be a(-4). Suppose 0 = 3*v + 2*k - i, -2*v + 2*k = -57 - 27. Suppose -y + 8 + v = 0. Is y a prime number?
False
Let g be (-2 + 1)/((-2)/4). Let p(a) = 11 + 3*a - 2*a - g*a. Is p(-8) a composite number?
False
Let p(y) = -39*y**3 + y + 1. Let r(c) = -c**3 - 5*c**2 + 7*c + 5. Let j be r(-6). Is p(j) a prime number?
False
Suppose -25 = 4*a - 9*a, -y - 5*a + 100 = 0. Suppose -3*l - m - m + 103 = 0, -2*l = -5*m - y. Is l prime?
False
Is (-1)/9 + (-63410)/(-45) prime?
True
Let c(o) = o**3 + 3. Let i be c(0). Let r be ((-2)/(-6))/(i/45). Suppose x = 4*k - 16 + 3, -r*k = 3*x - 29. Is x a composite number?
False
Suppose -5*n + 5*u + 3750 = 0, n - 1019 + 278 = 4*u. Is n composite?
True
Let p = 7 + -3. Suppose 2*l - p*l = 10. Let g(m) = m**2 - 7*m - 7. Is g(l) composite?
False
Suppose -4*x + 28 = 8. Let w(u) be the first derivative of u**2 - 3*u + 1. Is w(x) composite?
False
Suppose -865 = -2*c + 145. Is c a prime number?
False
Is (50 - -2 - 0) + 1 composite?
False
Suppose -2*q = -5*b + 4205, -4*q + 2*q + 841 = b. Is b composite?
True
Let z = -6 + 29. Is z composite?
False
Let r(y) = 37*y - 8. Let j be r(9). Let t = j - -308. Is t prime?
False
Let p = 1652 - 63. Is p composite?
True
Let m = -2863 + 4674. Is m a co